{"id":125,"date":"2017-01-19T21:40:13","date_gmt":"2017-01-19T20:40:13","guid":{"rendered":"http:\/\/events.unifr.ch\/hip2017\/?page_id=125"},"modified":"2017-11-01T08:20:08","modified_gmt":"2017-11-01T07:20:08","slug":"technical-program","status":"publish","type":"page","link":"https:\/\/events.unifr.ch\/hip2017\/technical-program\/","title":{"rendered":"Technical Program"},"content":{"rendered":"<p><em>Friday, November 10, 2017<\/em><\/p>\n<table>\n<tbody>\n<tr>\n<td style=\"padding-top: 2em;\">09:00<\/td>\n<td style=\"padding-top: 2em;\">Opening, Welcome by Andreas Fischer, Chair HIP\u201917<\/td>\n<\/tr>\n<tr>\n<td style=\"padding-top: 2em;\" colspan=\"2\"><strong>Session 1: Character Datasets and Text Retrieval<\/strong><br \/>\n<em>Chair: Liangrui Peng<\/em><\/td>\n<\/tr>\n<tr>\n<td>09:15<\/td>\n<td>A New Khmer Palm Leaf Manuscript Dataset for Document Analysis and Recognition \u2013 SleukRith Set<br \/>\n<em style=\"font-size: 0.9em;\"> Dona Valy, Michel Verleysen, Sophea Chhun and Jean-Christophe Burie<\/em><\/td>\n<\/tr>\n<tr>\n<td>09:35<\/td>\n<td>Isolated Character Forms from Dated Syriac Manuscripts<br \/>\n<em style=\"font-size: 0.9em;\"> Nicholas Howe, Minyue Dai and Michael Penn<\/em><\/td>\n<\/tr>\n<tr>\n<td>09:55<\/td>\n<td>Towards Letter Shape Prior and Paleographic Tables Estimation in Hebrew First Temple Period Ostraca<br \/>\n<em style=\"font-size: 0.9em;\"> Arie Shaus and Eli Turkel<\/em><\/td>\n<\/tr>\n<tr>\n<td>10:15<\/td>\n<td>Text Retrieval for Japanese Historical Documents by Image Generation<br \/>\n<em style=\"font-size: 0.9em;\"> Chisato Sugawara, Tomo Miyazaki, Yoshihiro Sugaya and Shinichiro Omachi<\/em><\/td>\n<\/tr>\n<tr>\n<td>10:35<\/td>\n<td>A Handwritten French Dataset for Word Spotting &#8211; CFRAMUZ<br \/>\n<em style=\"font-size: 0.9em;\"> Nikolaos Arvanitopoulos, Gaspard Chevassus, Daniele Maggetti and Sabine S\u00fcsstrunk<\/em><\/td>\n<\/tr>\n<tr>\n<td style=\"padding-top: 2em;\">10:55<\/td>\n<td style=\"padding-top: 2em;\">Coffee Break<\/td>\n<\/tr>\n<tr>\n<td style=\"padding-top: 2em;\" colspan=\"2\"><strong>Session 2: Character Recognition<br \/>\n<\/strong><em>Chair: Nicholas Howe<\/em><strong><br \/>\n<\/strong><\/td>\n<\/tr>\n<tr>\n<td>11:15<\/td>\n<td>Attempts to recognize anomalously deformed Kana in Japanese historical documents<br \/>\n<em style=\"font-size: 0.9em;\"> Hung Tuan Nguyen, Nam Tuan Ly, Kha Cong Nguyen, Cuong Tuan Nguyen and Masaki Nakagawa<\/em><\/td>\n<\/tr>\n<tr>\n<td>11:35<\/td>\n<td>Tens of Thousands of Nom Character Recognition by Deep Convolution Neural Networks<br \/>\n<em style=\"font-size: 0.9em;\"> Kha Cong Nguyen, Cuong Tuan Nguyen and Masaki Nakagawa<\/em><\/td>\n<\/tr>\n<tr>\n<td>11:55<\/td>\n<td>Convolutional Neural Network with Attention Mechanism for Historical Chinese Character Recognition<br \/>\n<em style=\"font-size: 0.9em;\"> Haoyu Qin and Liangrui Peng<\/em><\/td>\n<\/tr>\n<tr>\n<td>12:15<\/td>\n<td>Training LSTM-RNN with Imperfect Transcription &#8211; Limitations and Outcomes<br \/>\n<em style=\"font-size: 0.9em;\"> Martin Jenckel, Syed Saqib Bukhari and Andreas Dengel<\/em><\/td>\n<\/tr>\n<tr>\n<td>12:35<\/td>\n<td>Methods of data augmentation for palimpsest character recognition with Deep Neural Network<br \/>\n<em style=\"font-size: 0.9em;\"> Anna Starynska, Roger L. Jr. Easton and David Messinger<\/em><\/td>\n<\/tr>\n<tr>\n<td style=\"padding-top: 2em;\">12:55<\/td>\n<td style=\"padding-top: 2em;\">Lunch Break<\/td>\n<\/tr>\n<tr>\n<td style=\"padding-top: 2em;\" colspan=\"2\"><strong>Session 3: Layout Analysis and Complete Workflows<br \/>\n<\/strong><em>Chair: Bertrand Co\u00fcasnon<\/em><strong><br \/>\n<\/strong><\/td>\n<\/tr>\n<tr>\n<td>14:30<\/td>\n<td>PageNet: Page Boundary Extraction in Historical Handwritten Documents<br \/>\n<em style=\"font-size: 0.9em;\"> Christopher Tensmeyer, Brian Davis, Curtis Wigington, Iain Lee and Bill Barrett<\/em><\/td>\n<\/tr>\n<tr>\n<td>14:50<\/td>\n<td>Mass Digitization of Archival Documents using Mobile Phones<br \/>\n<em style=\"font-size: 0.9em;\"> Florian Kleber, Markus Diem, Fabian Hollaus and Stefan Fiel<\/em><\/td>\n<\/tr>\n<tr>\n<td>15:10<\/td>\n<td>Robust Heartbeat-based Line Segmentation Methods for Regular Texts and Paratextual Elements<br \/>\n<em style=\"font-size: 0.9em;\"> Mathias Seuret, Daniel St\u00f6kl Ben Ezra and Marcus Liwicki<\/em><\/td>\n<\/tr>\n<tr>\n<td>15:30<\/td>\n<td>Deep Convolutional Neural Networks for Image Resolution Detection<br \/>\n<em style=\"font-size: 0.9em;\"> Felix Trier, Muhammad Zeshan Afzal, Markus Ebbecke and Marcus Liwicki<\/em><\/td>\n<\/tr>\n<tr>\n<td>15:50<\/td>\n<td>Creating a Complete Workflow for Digitising Historical Census Documents: Considerations and Evaluation<br \/>\n<em style=\"font-size: 0.9em;\"> Christian Clausner, Justin Hayes, Apostolos Antonacopoulos and Stefan Pletschacher<\/em><\/td>\n<\/tr>\n<tr>\n<td style=\"padding-top: 2em;\">16:10<\/td>\n<td style=\"padding-top: 2em;\">Coffee Break<\/td>\n<\/tr>\n<tr>\n<td style=\"padding-top: 2em;\" colspan=\"2\"><strong>Session 4: Binarization and Page Segmentation<\/strong><br \/>\n<em>Chair: Apostolos Antonacopoulos<\/em><\/td>\n<\/tr>\n<tr>\n<td>16:30<\/td>\n<td>Automatic Document Image Binarization using Bayesian Optimization<br \/>\n<em style=\"font-size: 0.9em;\"> Ekta Vats, Anders Hast and Prashant Singh<\/em><\/td>\n<\/tr>\n<tr>\n<td>16:50<\/td>\n<td>Historical Document Image Segmentation with LDA-Initialized Deep Neural Networks<br \/>\n<em style=\"font-size: 0.9em;\"> Michele Alberti, Mathias Seuret, Vinaychandran Pondenkandath, Rolf Ingold and Marcus Liwicki<\/em><\/td>\n<\/tr>\n<tr>\n<td>17:10<\/td>\n<td>Document Image Page Segmentation and Character Recognition as Semantic Segmentation<br \/>\n<em style=\"font-size: 0.9em;\"> Seth Stewart and Bill Barrett<\/em><\/td>\n<\/tr>\n<tr>\n<td>17:30<\/td>\n<td>HBA 1.0: A Pixel-based Annotated Dataset for Historical Book Analysis<br \/>\n<em style=\"font-size: 0.9em;\"> Maroua Mehri, Pierre H\u00e9roux, R\u00e9my Mullot, Jean-Philippe Moreux, Bertrand Co\u00fcasnon and Bill Barrett<\/em><\/td>\n<\/tr>\n<tr>\n<td style=\"padding-top: 2em;\">17:50<\/td>\n<td style=\"padding-top: 2em;\">ICDAR 2017 HBA Competition<br \/>\n<em style=\"font-size: 0.9em;\"> Maroua Mehri, Pierre H\u00e9roux, R\u00e9my Mullot, Jean-Philippe Moreux, Bertrand Co\u00fcasnon and Bill Barrett<\/em><\/td>\n<\/tr>\n<tr>\n<td style=\"padding-top: 2em;\">18:00<\/td>\n<td style=\"padding-top: 2em;\">IAPR Best Paper Award<\/td>\n<\/tr>\n<tr>\n<td style=\"padding-top: 2em;\">18:05<\/td>\n<td style=\"padding-top: 2em;\">Closing by Bill Barrett, General Chair HIP&#8217;17<\/td>\n<\/tr>\n<\/tbody>\n<\/table>\n<p>&nbsp;<\/p>\n","protected":false},"excerpt":{"rendered":"<p>Friday, November 10, 2017 09:00 Opening, Welcome by Andreas Fischer, Chair HIP\u201917 Session 1: Character Datasets and Text Retrieval Chair: Liangrui Peng 09:15 A New Khmer Palm Leaf Manuscript Dataset for Document Analysis and Recognition \u2013 SleukRith Set Dona Valy, Michel Verleysen, Sophea Chhun and Jean-Christophe Burie 09:35 Isolated Character Forms from Dated Syriac Manuscripts &hellip; <\/p>\n<p class=\"link-more\"><a href=\"https:\/\/events.unifr.ch\/hip2017\/technical-program\/\" class=\"more-link\">Continue reading<span class=\"screen-reader-text\"> &#8220;Technical Program&#8221;<\/span><\/a><\/p>\n","protected":false},"author":2,"featured_media":0,"parent":0,"menu_order":0,"comment_status":"closed","ping_status":"closed","template":"","meta":[],"_links":{"self":[{"href":"https:\/\/events.unifr.ch\/hip2017\/wp-json\/wp\/v2\/pages\/125"}],"collection":[{"href":"https:\/\/events.unifr.ch\/hip2017\/wp-json\/wp\/v2\/pages"}],"about":[{"href":"https:\/\/events.unifr.ch\/hip2017\/wp-json\/wp\/v2\/types\/page"}],"author":[{"embeddable":true,"href":"https:\/\/events.unifr.ch\/hip2017\/wp-json\/wp\/v2\/users\/2"}],"replies":[{"embeddable":true,"href":"https:\/\/events.unifr.ch\/hip2017\/wp-json\/wp\/v2\/comments?post=125"}],"version-history":[{"count":7,"href":"https:\/\/events.unifr.ch\/hip2017\/wp-json\/wp\/v2\/pages\/125\/revisions"}],"predecessor-version":[{"id":296,"href":"https:\/\/events.unifr.ch\/hip2017\/wp-json\/wp\/v2\/pages\/125\/revisions\/296"}],"wp:attachment":[{"href":"https:\/\/events.unifr.ch\/hip2017\/wp-json\/wp\/v2\/media?parent=125"}],"curies":[{"name":"wp","href":"https:\/\/api.w.org\/{rel}","templated":true}]}}