{"id":2,"date":"2016-08-23T07:08:50","date_gmt":"2016-08-23T06:08:50","guid":{"rendered":"http:\/\/blog.unifr.ch\/xyz\/?page_id=2"},"modified":"2020-01-27T10:02:53","modified_gmt":"2020-01-27T09:02:53","slug":"sample-page","status":"publish","type":"page","link":"https:\/\/events.unifr.ch\/biology20\/","title":{"rendered":"Welcome"},"content":{"rendered":"<div class='content-column two_third'><span style=\"font-size: 1.1rem;\"><strong>Biology20<\/strong>\u00a0is the largest conference of organismic biology in Switzerland. It aims to provide a platform for exchange between students and researchers across diverse scientific institutions and topic areas such as evolution, ecology, conservation, behavior and systematics.<\/span><\/p>\n<p><span style=\"font-size: 1.1rem;\"><strong>Biology20<\/strong>\u00a0is also the annual joint meeting of the <strong><a href=\"http:\/\/www.swiss-zoological-society.org\/en\/the_society\" target=\"_blank\" rel=\"noreferrer noopener\" aria-label=\" (opens in a new tab)\">Swiss Zoological<\/a><\/strong>, <strong><a href=\"https:\/\/naturalsciences.ch\/organisations\/botanical_society\" target=\"_blank\" rel=\"noopener\">Botanical<\/a><\/strong>, and <strong><a href=\"https:\/\/naturalsciences.ch\/organisations\/swiss-systematics\" target=\"_blank\" rel=\"noreferrer noopener\" aria-label=\" (opens in a new tab)\">Systematics societies<\/a>.<\/strong><\/span><\/p>\n<p><span style=\"font-size: 1.1rem;\">The day before the main meeting (5 February) a <strong> satellite meeting of the <a href=\"https:\/\/www.sib.swiss\" target=\"_blank\" rel=\"noopener\">Swiss Bioinformatics Institute<\/a><\/strong>\u00a0on &#8220;Analyzing Microbiomes\u201d will take place, organized by Laurent Falquet (Fribourg).<\/span><\/p>\n<p><strong><a href=\"https:\/\/twitter.com\/hashtag\/Biology20Fribourg?src=hash\" target=\"_blank\" rel=\"noopener\">#Biology20Fribourg<\/a><\/strong><br \/><\/div>\n<div class='content-column one_third last_column'><p class=\"has-background has-very-light-gray-background-color\"><span style=\"font-size: 0.85rem;\"> <strong>30 September 2019<\/strong><br \/>\nregistration opens<br \/>\n<strong>22 November 2019<\/strong><br \/>\nabstract submission closes<br \/>\n<strong>20 December 2019<\/strong><br \/>\npresenter notification<br \/>\n<strong>6 January 2020<\/strong><br \/>\nregistration closes<br \/>\n<strong>13 January 2020<\/strong><br \/>\nfinal programme<\/span><\/p><\/div><div class='clear_column'><\/div>\n<p><img loading=\"lazy\" decoding=\"async\" class=\"aligncenter size-full wp-image-12\" src=\"https:\/\/events.unifr.ch\/biology20\/wp-content\/uploads\/2019\/03\/p4.jpg\" alt=\"\" width=\"2001\" height=\"483\" srcset=\"https:\/\/events.unifr.ch\/biology20\/wp-content\/uploads\/2019\/03\/p4.jpg 2001w, https:\/\/events.unifr.ch\/biology20\/wp-content\/uploads\/2019\/03\/p4-300x72.jpg 300w, https:\/\/events.unifr.ch\/biology20\/wp-content\/uploads\/2019\/03\/p4-768x185.jpg 768w, https:\/\/events.unifr.ch\/biology20\/wp-content\/uploads\/2019\/03\/p4-1024x247.jpg 1024w, https:\/\/events.unifr.ch\/biology20\/wp-content\/uploads\/2019\/03\/p4-1200x290.jpg 1200w\" sizes=\"(max-width: 706px) 89vw, (max-width: 767px) 82vw, 740px\" \/><\/p>\n<p><span style=\"font-size: 1.1rem;\"><strong>Keynotes Speakers<\/strong><\/span><\/p>\n<div class='content-column one_third'><p style=\"text-align: center;\"><img loading=\"lazy\" decoding=\"async\" class=\"aligncenter wp-image-301 size-full\" src=\"https:\/\/events.unifr.ch\/biology20\/wp-content\/uploads\/2019\/05\/Andrea-Waeschenbach.jpg\" alt=\"\" width=\"200\" height=\"200\" srcset=\"https:\/\/events.unifr.ch\/biology20\/wp-content\/uploads\/2019\/05\/Andrea-Waeschenbach.jpg 200w, https:\/\/events.unifr.ch\/biology20\/wp-content\/uploads\/2019\/05\/Andrea-Waeschenbach-150x150.jpg 150w, https:\/\/events.unifr.ch\/biology20\/wp-content\/uploads\/2019\/05\/Andrea-Waeschenbach-100x100.jpg 100w\" sizes=\"(max-width: 200px) 100vw, 200px\" \/><a href=\"https:\/\/www.nhm.ac.uk\/our-science\/departments-and-staff\/staff-directory\/andrea-waeschenbach.html\" target=\"_blank\" rel=\"noopener\"><em>Andrea Waeschenbach<\/em><\/a><br \/>\n<em>The Natural History Museum of London<\/em><\/p>\n<p style=\"text-align: center;\"><img loading=\"lazy\" decoding=\"async\" class=\"aligncenter wp-image-303 size-full\" src=\"https:\/\/events.unifr.ch\/biology20\/wp-content\/uploads\/2019\/05\/Iain_Couzin.jpg\" alt=\"\" width=\"200\" height=\"200\" srcset=\"https:\/\/events.unifr.ch\/biology20\/wp-content\/uploads\/2019\/05\/Iain_Couzin.jpg 200w, https:\/\/events.unifr.ch\/biology20\/wp-content\/uploads\/2019\/05\/Iain_Couzin-150x150.jpg 150w, https:\/\/events.unifr.ch\/biology20\/wp-content\/uploads\/2019\/05\/Iain_Couzin-100x100.jpg 100w\" sizes=\"(max-width: 200px) 100vw, 200px\" \/><a href=\"http:\/\/collectivebehaviour.com\/people\/couzin-iain\/\" target=\"_blank\" rel=\"noopener\"><em>Iain Couzin<\/em><\/a><br \/>\n<em>University of Konstanz<\/em><\/p><\/div>\n<div class='content-column one_third'><p style=\"text-align: center;\"><img loading=\"lazy\" decoding=\"async\" class=\"aligncenter wp-image-300 size-full\" src=\"https:\/\/events.unifr.ch\/biology20\/wp-content\/uploads\/2019\/05\/Alexandra-Maria-Klein.jpg\" alt=\"\" width=\"200\" height=\"200\" srcset=\"https:\/\/events.unifr.ch\/biology20\/wp-content\/uploads\/2019\/05\/Alexandra-Maria-Klein.jpg 200w, https:\/\/events.unifr.ch\/biology20\/wp-content\/uploads\/2019\/05\/Alexandra-Maria-Klein-150x150.jpg 150w, https:\/\/events.unifr.ch\/biology20\/wp-content\/uploads\/2019\/05\/Alexandra-Maria-Klein-100x100.jpg 100w\" sizes=\"(max-width: 200px) 100vw, 200px\" \/><a href=\"https:\/\/www.nature.uni-freiburg.de\/team-en\/klein.en\" target=\"_blank\" rel=\"noopener\"><em>Alexandra-Maria Klein<\/em><\/a><br \/>\n<em>Albert-Ludwigs-Universit\u00e4t Freiburg<\/em><\/p>\n<p style=\"text-align: center;\"><img loading=\"lazy\" decoding=\"async\" class=\"aligncenter wp-image-302 size-full\" src=\"https:\/\/events.unifr.ch\/biology20\/wp-content\/uploads\/2019\/05\/Claudia_Bank.jpg\" alt=\"\" width=\"200\" height=\"200\" srcset=\"https:\/\/events.unifr.ch\/biology20\/wp-content\/uploads\/2019\/05\/Claudia_Bank.jpg 200w, https:\/\/events.unifr.ch\/biology20\/wp-content\/uploads\/2019\/05\/Claudia_Bank-150x150.jpg 150w, https:\/\/events.unifr.ch\/biology20\/wp-content\/uploads\/2019\/05\/Claudia_Bank-100x100.jpg 100w\" sizes=\"(max-width: 200px) 100vw, 200px\" \/><a href=\"https:\/\/evoldynamics.org\/people\/claudia-bank-2\/\" target=\"_blank\" rel=\"noopener\"><em>Claudia Bank<\/em><\/a><br \/>\n<em>The Gulbenkian Institute<\/em><\/p><\/div>\n<div class='content-column one_third last_column'><p style=\"text-align: center;\"><img loading=\"lazy\" decoding=\"async\" class=\"aligncenter wp-image-304 size-full\" src=\"https:\/\/events.unifr.ch\/biology20\/wp-content\/uploads\/2019\/05\/John_Pannell.jpg\" alt=\"\" width=\"200\" height=\"200\" srcset=\"https:\/\/events.unifr.ch\/biology20\/wp-content\/uploads\/2019\/05\/John_Pannell.jpg 200w, https:\/\/events.unifr.ch\/biology20\/wp-content\/uploads\/2019\/05\/John_Pannell-150x150.jpg 150w, https:\/\/events.unifr.ch\/biology20\/wp-content\/uploads\/2019\/05\/John_Pannell-100x100.jpg 100w\" sizes=\"(max-width: 200px) 100vw, 200px\" \/><a href=\"https:\/\/www.unil.ch\/dee\/en\/home\/menuinst\/people\/group-leaders\/prof-john-pannell.html\" target=\"_blank\" rel=\"noopener\"><em>John Pannell<\/em><\/a><br \/>\n<em>University of Lausanne<\/em><br \/>\n<em><em>Darwin Speaker <\/em><\/em><\/p><\/div><div class='clear_column'><\/div>\n<p><img loading=\"lazy\" decoding=\"async\" class=\"aligncenter wp-image-15 size-full\" src=\"https:\/\/events.unifr.ch\/biology20\/wp-content\/uploads\/2019\/03\/p7.jpg\" alt=\"\" width=\"1999\" height=\"548\" srcset=\"https:\/\/events.unifr.ch\/biology20\/wp-content\/uploads\/2019\/03\/p7.jpg 1999w, https:\/\/events.unifr.ch\/biology20\/wp-content\/uploads\/2019\/03\/p7-300x82.jpg 300w, https:\/\/events.unifr.ch\/biology20\/wp-content\/uploads\/2019\/03\/p7-768x211.jpg 768w, https:\/\/events.unifr.ch\/biology20\/wp-content\/uploads\/2019\/03\/p7-1024x281.jpg 1024w, https:\/\/events.unifr.ch\/biology20\/wp-content\/uploads\/2019\/03\/p7-1200x329.jpg 1200w\" sizes=\"(max-width: 706px) 89vw, (max-width: 767px) 82vw, 740px\" \/><\/p>\n<p><div class='content-column one_third'><a href=\"https:\/\/www3.unifr.ch\/bio\/en\/\" target=\"_blank\" rel=\"noopener\"><img loading=\"lazy\" decoding=\"async\" class=\"aligncenter wp-image-138\" src=\"https:\/\/events.unifr.ch\/biology20\/wp-content\/uploads\/2019\/03\/UniFr-300x201.png\" alt=\"\" width=\"140\" height=\"94\" srcset=\"https:\/\/events.unifr.ch\/biology20\/wp-content\/uploads\/2019\/03\/UniFr-300x201.png 300w, https:\/\/events.unifr.ch\/biology20\/wp-content\/uploads\/2019\/03\/UniFr.png 333w\" sizes=\"(max-width: 140px) 100vw, 140px\" \/><\/a><\/div><div class='content-column one_third'><a href=\"http:\/\/www.swiss-zoological-society.org\/en\/the_society\" target=\"_blank\" rel=\"noopener\"><img loading=\"lazy\" decoding=\"async\" class=\"aligncenter wp-image-139\" src=\"https:\/\/events.unifr.ch\/biology20\/wp-content\/uploads\/2019\/03\/zoological_society-300x177.png\" alt=\"\" width=\"160\" height=\"94\" srcset=\"https:\/\/events.unifr.ch\/biology20\/wp-content\/uploads\/2019\/03\/zoological_society-300x177.png 300w, https:\/\/events.unifr.ch\/biology20\/wp-content\/uploads\/2019\/03\/zoological_society.png 700w\" sizes=\"(max-width: 160px) 100vw, 160px\" \/><\/a><\/div><div class='content-column one_third last_column'><a href=\"https:\/\/naturalsciences.ch\/organisations\/botanical_society\" target=\"_blank\" rel=\"noopener\"><img loading=\"lazy\" decoding=\"async\" class=\"aligncenter wp-image-338 size-medium\" src=\"https:\/\/events.unifr.ch\/biology20\/wp-content\/uploads\/2019\/06\/botanical_society-300x78.png\" alt=\"\" width=\"300\" height=\"78\" srcset=\"https:\/\/events.unifr.ch\/biology20\/wp-content\/uploads\/2019\/06\/botanical_society-300x78.png 300w, https:\/\/events.unifr.ch\/biology20\/wp-content\/uploads\/2019\/06\/botanical_society-768x200.png 768w, https:\/\/events.unifr.ch\/biology20\/wp-content\/uploads\/2019\/06\/botanical_society-1024x267.png 1024w, https:\/\/events.unifr.ch\/biology20\/wp-content\/uploads\/2019\/06\/botanical_society.png 1656w\" sizes=\"(max-width: 300px) 100vw, 300px\" \/><\/a><\/div><div class='clear_column'><\/div><br \/>\n<div class='content-column one_third'><a href=\"https:\/\/naturalsciences.ch\/organisations\/swiss-systematics\" target=\"_blank\" rel=\"noopener\"><img loading=\"lazy\" decoding=\"async\" class=\"aligncenter wp-image-137\" src=\"https:\/\/events.unifr.ch\/biology20\/wp-content\/uploads\/2019\/03\/systematics_society-300x82.png\" alt=\"\" width=\"152\" height=\"42\" srcset=\"https:\/\/events.unifr.ch\/biology20\/wp-content\/uploads\/2019\/03\/systematics_society-300x82.png 300w, https:\/\/events.unifr.ch\/biology20\/wp-content\/uploads\/2019\/03\/systematics_society.png 304w\" sizes=\"(max-width: 152px) 100vw, 152px\" \/><\/a><\/div><div class='content-column one_third'><a href=\"https:\/\/www.sib.swiss\" target=\"_blank\" rel=\"noopener\"><img loading=\"lazy\" decoding=\"async\" class=\"aligncenter wp-image-327\" src=\"https:\/\/events.unifr.ch\/biology20\/wp-content\/uploads\/2019\/06\/SIB-300x162.png\" alt=\"\" width=\"170\" height=\"92\" srcset=\"https:\/\/events.unifr.ch\/biology20\/wp-content\/uploads\/2019\/06\/SIB-300x162.png 300w, https:\/\/events.unifr.ch\/biology20\/wp-content\/uploads\/2019\/06\/SIB-768x416.png 768w, https:\/\/events.unifr.ch\/biology20\/wp-content\/uploads\/2019\/06\/SIB.png 900w\" sizes=\"(max-width: 170px) 100vw, 170px\" \/><\/a><\/div><div class='content-column one_third last_column'><a href=\"https:\/\/naturalsciences.ch\/organisations\/scnat\" target=\"_blank\" rel=\"noopener\"><img loading=\"lazy\" decoding=\"async\" class=\"aligncenter wp-image-916\" src=\"https:\/\/events.unifr.ch\/biology20\/wp-content\/uploads\/2020\/01\/scnat-300x81.png\" alt=\"\" width=\"182\" height=\"49\" srcset=\"https:\/\/events.unifr.ch\/biology20\/wp-content\/uploads\/2020\/01\/scnat-300x81.png 300w, https:\/\/events.unifr.ch\/biology20\/wp-content\/uploads\/2020\/01\/scnat.png 360w\" sizes=\"(max-width: 182px) 100vw, 182px\" \/><\/a><a href=\"https:\/\/naturalsciences.ch\/organisations\/scnat\" target=\"_blank\" rel=\"noopener\"><br \/>\n<\/a><\/div><div class='clear_column'><\/div><\/p>\n<hr \/>\n<p><div class='content-column one_third'><a href=\"https:\/\/www.sarstedt.com\" target=\"_blank\" rel=\"noopener\"><img loading=\"lazy\" decoding=\"async\" class=\"aligncenter wp-image-752\" src=\"https:\/\/events.unifr.ch\/biology20\/wp-content\/uploads\/2019\/12\/logo_sarstedt-300x57.gif\" alt=\"\" width=\"170\" height=\"32\" srcset=\"https:\/\/events.unifr.ch\/biology20\/wp-content\/uploads\/2019\/12\/logo_sarstedt-300x57.gif 300w, https:\/\/events.unifr.ch\/biology20\/wp-content\/uploads\/2019\/12\/logo_sarstedt-768x145.gif 768w, https:\/\/events.unifr.ch\/biology20\/wp-content\/uploads\/2019\/12\/logo_sarstedt-1024x194.gif 1024w\" sizes=\"(max-width: 170px) 100vw, 170px\" \/><\/a><\/div><div class='content-column one_third'><span class=\"\">Fonds de recherche du centenaire, UniFr.<\/span><\/p><\/div><div class='content-column one_third last_column'><\/div><div class='clear_column'><\/div><\/p>\n<hr \/>\n<p style=\"text-align: center;\">Special thanks to the <a href=\"https:\/\/www.facebook.com\/biologie.unifr\/\" target=\"_blank\" rel=\"noopener\">Fachschaft<\/a> in Biology for their logo<\/p>\n<p><a href=\"https:\/\/www.facebook.com\/biologie.unifr\/\" target=\"_blank\" rel=\"noopener\"><img loading=\"lazy\" decoding=\"async\" class=\"aligncenter wp-image-904\" src=\"https:\/\/events.unifr.ch\/biology20\/wp-content\/uploads\/2020\/01\/arri\u00e8re-noir-272x300.gif\" alt=\"\" width=\"180\" height=\"199\" srcset=\"https:\/\/events.unifr.ch\/biology20\/wp-content\/uploads\/2020\/01\/arri\u00e8re-noir-272x300.gif 272w, https:\/\/events.unifr.ch\/biology20\/wp-content\/uploads\/2020\/01\/arri\u00e8re-noir-768x848.gif 768w, https:\/\/events.unifr.ch\/biology20\/wp-content\/uploads\/2020\/01\/arri\u00e8re-noir-928x1024.gif 928w\" sizes=\"(max-width: 180px) 100vw, 180px\" \/><\/a><\/p>\n<hr \/>\n<p>For inquiries please contact us at: <a href=\"mailto:biology20@biology20.ch\">biology20@biology20.ch<\/a><\/p>\n<hr \/>\n<p>Organizing committee:<\/p>\n<p>Sven Bacher<br \/>\nLouis-F\u00e9lix Bersier<br \/>\nThomas Flatt<br \/>\nGwena\u00ebl Jacob<br \/>\nAdria LeBoeuf<br \/>\nHeinz M\u00fcller-Sch\u00e4rer<br \/>\nRudolf P. Rohr<\/p>\n<hr \/>\n<noscript class=\"ninja-forms-noscript-message\">\n\tNotice: JavaScript is required for this content.<\/noscript>\n<div id=\"nf-form-5-cont\" class=\"nf-form-cont\" aria-live=\"polite\" aria-labelledby=\"nf-form-title-5\" aria-describedby=\"nf-form-errors-5\" role=\"form\">\n\n    <div class=\"nf-loading-spinner\"><\/div>\n\n<\/div>\n        <!-- That data is being printed as a workaround to page builders reordering the order of the scripts loaded-->\n        <script>var formDisplay=1;var nfForms=nfForms||[];var form=[];form.id='5';form.settings={\"objectType\":\"Form Setting\",\"editActive\":true,\"title\":\"Sign up\",\"show_title\":0,\"clear_complete\":1,\"hide_complete\":1,\"default_label_pos\":\"left\",\"wrapper_class\":\"\",\"element_class\":\"\",\"key\":\"\",\"add_submit\":1,\"currency\":\"\",\"unique_field_error\":\"A form with this value has already been submitted.\",\"logged_in\":false,\"not_logged_in_msg\":\"\",\"sub_limit_msg\":\"The form has reached its submission limit.\",\"calculations\":[],\"formContentData\":[\"sign_up_for_the_mailing_list_1553767941602\",\"submit_1553414666816\"],\"drawerDisabled\":false,\"changeEmailErrorMsg\":\"Please enter a valid email address!\",\"changeDateErrorMsg\":\"Please enter a valid date!\",\"confirmFieldErrorMsg\":\"These fields must match!\",\"fieldNumberNumMinError\":\"Number Min Error\",\"fieldNumberNumMaxError\":\"Number Max Error\",\"fieldNumberIncrementBy\":\"Please increment by \",\"formErrorsCorrectErrors\":\"Please correct errors before submitting this form.\",\"validateRequiredField\":\"This is a required field.\",\"honeypotHoneypotError\":\"Honeypot Error\",\"fieldsMarkedRequired\":\"Fields marked with an <span class=\\\"ninja-forms-req-symbol\\\">*<\\\/span> are required\",\"sub_limit_number\":\"\",\"ninjaForms\":\"Ninja Forms\",\"fieldTextareaRTEInsertLink\":\"Insert Link\",\"fieldTextareaRTEInsertMedia\":\"Insert Media\",\"fieldTextareaRTESelectAFile\":\"Select a file\",\"formHoneypot\":\"If you are a human seeing this field, please leave it empty.\",\"fileUploadOldCodeFileUploadInProgress\":\"File Upload in Progress.\",\"fileUploadOldCodeFileUpload\":\"FILE UPLOAD\",\"currencySymbol\":false,\"thousands_sep\":\",\",\"decimal_point\":\".\",\"siteLocale\":\"en_GB\",\"dateFormat\":\"m\\\/d\\\/Y\",\"startOfWeek\":\"1\",\"of\":\"of\",\"previousMonth\":\"Previous Month\",\"nextMonth\":\"Next Month\",\"months\":[\"January\",\"February\",\"March\",\"April\",\"May\",\"June\",\"July\",\"August\",\"September\",\"October\",\"November\",\"December\"],\"monthsShort\":[\"Jan\",\"Feb\",\"Mar\",\"Apr\",\"May\",\"Jun\",\"Jul\",\"Aug\",\"Sep\",\"Oct\",\"Nov\",\"Dec\"],\"weekdays\":[\"Sunday\",\"Monday\",\"Tuesday\",\"Wednesday\",\"Thursday\",\"Friday\",\"Saturday\"],\"weekdaysShort\":[\"Sun\",\"Mon\",\"Tue\",\"Wed\",\"Thu\",\"Fri\",\"Sat\"],\"weekdaysMin\":[\"Su\",\"Mo\",\"Tu\",\"We\",\"Th\",\"Fr\",\"Sa\"],\"recaptchaConsentMissing\":\"reCaptcha validation couldn&#039;t load.\",\"recaptchaMissingCookie\":\"reCaptcha v3 validation couldn&#039;t load the cookie needed to submit the form.\",\"recaptchaConsentEvent\":\"Accept reCaptcha cookies before sending the form.\",\"embed_form\":\"\",\"currency_symbol\":\"\",\"beforeForm\":\"\",\"beforeFields\":\"\",\"afterFields\":\"\",\"afterForm\":\"\"};form.fields=[{\"objectType\":\"Field\",\"objectDomain\":\"fields\",\"editActive\":false,\"order\":1,\"type\":\"email\",\"label\":\"Sign up for the mailing list:\",\"key\":\"sign_up_for_the_mailing_list_1553767941602\",\"label_pos\":\"left\",\"required\":false,\"default\":\"\",\"placeholder\":\"\",\"container_class\":\"\",\"element_class\":\"\",\"admin_label\":\"\",\"help_text\":\"\",\"custom_name_attribute\":\"email\",\"personally_identifiable\":1,\"drawerDisabled\":false,\"id\":19,\"beforeField\":\"\",\"afterField\":\"\",\"value\":\"\",\"parentType\":\"email\",\"element_templates\":[\"email\",\"input\"],\"old_classname\":\"\",\"wrap_template\":\"wrap\"},{\"objectType\":\"Field\",\"objectDomain\":\"fields\",\"editActive\":false,\"order\":9999,\"type\":\"submit\",\"label\":\"Submit\",\"processing_label\":\"Processing\",\"container_class\":\"\",\"element_class\":\"\",\"key\":\"submit_1553414666816\",\"id\":20,\"beforeField\":\"\",\"afterField\":\"\",\"value\":\"\",\"label_pos\":\"left\",\"parentType\":\"textbox\",\"element_templates\":[\"submit\",\"button\",\"input\"],\"old_classname\":\"\",\"wrap_template\":\"wrap-no-label\"}];nfForms.push(form);<\/script>\n        \n<hr \/>\n<p><span style=\"font-size: 0.85rem;\"> Images by: <a href=\"https:\/\/fr.wikipedia.org\/wiki\/Fribourg_(ville_suisse)#\/media\/File:Fribourg_vue_a%C3%A9rienne_de_la_vieille_ville.jpg\" target=\"_blank\" rel=\"noreferrer noopener\" aria-label=\"Adrien Quartenoud (opens in a new tab)\">Adrien Quartenoud<\/a> (aerial view of Fribourg), Louis-F\u00e9lix Bersier, and Rudolf P. Rohr. These are all licensed under <a href=\"https:\/\/creativecommons.org\/licenses\/by-sa\/3.0\/\" target=\"_blank\" rel=\"noreferrer noopener\" aria-label=\"CC BY-SA 3.0 (opens in a new tab)\">CC BY-SA 3.0<\/a><a href=\"https:\/\/events.unifr.ch\/biology20\/registration\" target=\"_blank\" rel=\"noreferrer noopener\" aria-label=\"Registration Page (hidden)\">\u00a0<\/a><\/span><\/p>\n","protected":false},"excerpt":{"rendered":"<p>Keynotes Speakers Special thanks to the Fachschaft in Biology for their logo For inquiries please contact us at: biology20@biology20.ch Organizing committee: Sven Bacher Louis-F\u00e9lix Bersier Thomas Flatt Gwena\u00ebl Jacob Adria LeBoeuf Heinz M\u00fcller-Sch\u00e4rer Rudolf P. Rohr Images by: Adrien Quartenoud (aerial view of Fribourg), Louis-F\u00e9lix Bersier, and Rudolf P. Rohr. These are all licensed under &hellip; <\/p>\n<p class=\"link-more\"><a href=\"https:\/\/events.unifr.ch\/biology20\/\" class=\"more-link\">Continue reading<span class=\"screen-reader-text\"> &#8220;Welcome&#8221;<\/span><\/a><\/p>\n","protected":false},"author":1,"featured_media":0,"parent":0,"menu_order":0,"comment_status":"closed","ping_status":"open","template":"","meta":{"footnotes":""},"_links":{"self":[{"href":"https:\/\/events.unifr.ch\/biology20\/wp-json\/wp\/v2\/pages\/2"}],"collection":[{"href":"https:\/\/events.unifr.ch\/biology20\/wp-json\/wp\/v2\/pages"}],"about":[{"href":"https:\/\/events.unifr.ch\/biology20\/wp-json\/wp\/v2\/types\/page"}],"author":[{"embeddable":true,"href":"https:\/\/events.unifr.ch\/biology20\/wp-json\/wp\/v2\/users\/1"}],"replies":[{"embeddable":true,"href":"https:\/\/events.unifr.ch\/biology20\/wp-json\/wp\/v2\/comments?post=2"}],"version-history":[{"count":109,"href":"https:\/\/events.unifr.ch\/biology20\/wp-json\/wp\/v2\/pages\/2\/revisions"}],"predecessor-version":[{"id":919,"href":"https:\/\/events.unifr.ch\/biology20\/wp-json\/wp\/v2\/pages\/2\/revisions\/919"}],"wp:attachment":[{"href":"https:\/\/events.unifr.ch\/biology20\/wp-json\/wp\/v2\/media?parent=2"}],"curies":[{"name":"wp","href":"https:\/\/api.w.org\/{rel}","templated":true}]}}